t is the hundreds digit of y?
6
Let v(w) = -w**3 + 10*w**2 - 8*w + 11. Suppose 3*h = 9*h - 48. Suppose 4*g = 32 - h. What is the tens digit of v(g)?
0
What is the units digit of ((-110)/(-4))/((-2807)/938 + 3)?
5
Let l = -8 - -17. Suppose -l*y = -10*y. Suppose y*k + 3*p = 2*k - 14, 0 = -2*p. What is the units digit of k?
7
Let z(t) = 17*t**2 - 8*t**2 - 6 + 3*t + 14. Let y be z(5). What is the units digit of y*((-18)/(-4) - 4)?
4
Let x(y) = 2*y**3 - 5*y**2 - 3*y - 3. Let q be x(9). Suppose 16*z - 161 - q = 0. What is the units digit of z?
4
Let m(l) = 36*l + 11*l - 16 - 10*l + 7*l. Let x be m(-6). Let s = x - -479. What is the units digit of s?
9
Let p = -2868 + 6898. Suppose 0 = 17*l - p - 1852. What is the tens digit of l?
4
Suppose -6*k + 8430 = 3*p - 9*k, 2*p + k = 5605. Suppose -14*z + 3*w + 1399 = -13*z, 2*z + w - p = 0. What is the thousands digit of z?
1
Let t(z) = z**3 - 5*z**2 - 21*z + 27. Let i(h) = -h**2. Let w(l) = 5*i(l) + t(l). Let o be w(12). Let a = o - 36. What is the units digit of a?
7
What is the units digit of (-41070)/(-3) + 0 + 8?
8
Let f = -516 + 111. Let l = f + 736. Suppose 4*j - l = -27. What is the tens digit of j?
7
Let b = -85 + 89. Suppose -2*q - 5*p + 959 = 0, 0 = -2*q - 0*q - b*p + 962. What is the tens digit of q?
8
Suppose 159*p - 1480592 - 1340068 = 0. What is the tens digit of p?
4
Let q be (163/(-2))/(8/(-16)). Let t(p) = p**3 - 7*p**2 - 9*p - 9. Let a be t(8). Let u = a + q. What is the tens digit of u?
4
Suppose 4*d - 30 = 2. Suppose 21 = d*z + 5. Let v = z + 132. What is the units digit of v?
4
Let m = -22 + 40. Suppose 0 = -c - a + 5, 4*c + 6*a = 4*a + m. Suppose c*g = 4*f - 152, f + 34 = 2*f - 2*g. What is the tens digit of f?
4
Let o(v) = -6*v**2 - 4*v - 2. Let u(m) = 5*m**2 + 5*m + 2. Let f(p) = 4*o(p) + 3*u(p). Let r be f(-2). What is the tens digit of r/(4/14 + 63/(-49))?
3
Suppose -5*u + 45 = -2*u. Suppose u*j + 188 = 16*j. Let a = j - 108. What is the tens digit of a?
8
Suppose 5*b + 3*b = -7112. Let z = -614 - b. What is the units digit of z?
5
Suppose -3*x + 59 = -100. Suppose -j + x + 14 = 3*b, 0 = 4*j + 20. What is the tens digit of b?
2
Let k be 27*92/(-12)*1. Let w = k - -148. Let u = 85 + w. What is the tens digit of u?
2
Let a(k) = 3*k**2 - 7*k + 1610. What is the ten thousands digit of a(-59)?
1
Let c = -2234 - -3163. Suppose -n - 86 = -2*o + 526, 3*o + 4*n = c. What is the units digit of o?
7
What is the thousands digit of (-1)/12 + (1064028/144 - -10 - 5)?
7
Let m = 16 - 13. Suppose -m*h - 54 = 186. What is the hundreds digit of 3/((-30)/25)*h?
2
Suppose -4 = 24*m - 28*m. Let v be ((m + 0)*-1)/(3/(-6)). Suppose -u - v*u = 5*g - 63, g = u - 13. What is the units digit of u?
6
Let m = 899 - 794. What is the tens digit of 184/3*m/14?
6
Let p(n) = -189*n + 1684. Let b be p(9). Let q(u) = 6*u - 19. Let x(z) = z + 1. Let r(h) = 2*q(h) - 22*x(h). What is the units digit of r(b)?
0
Suppose 6*b + 1 - 25 = 0. Suppose 0 = t - 4*d - 335, 3*d - 349 = b*t - 5*t. What is the tens digit of t?
4
Let f be 11/(-6)*-4*3. Suppose 3*s = 3*n + 75, -20*n + 4*s + 80 = -25*n. Let c = n + f. What is the units digit of c?
2
Suppose 2*w + 16 + 20 = -2*m, -m + 2*w = 24. Let u(s) = -41*s + 135. What is the hundreds digit of u(m)?
9
Let u(d) = 5*d**2 + 30*d - 8. Let i be u(7). Let a = i - -69. What is the tens digit of a?
1
Let l(h) = 2*h - 12. Let k be l(3). What is the tens digit of 6 + -1 + k - -132?
3
Let x = 15 - 15. Let y be (-10)/(-2 + x)*36/90. Suppose y*m + 11 = 147. What is the tens digit of m?
6
Let r(l) = -2*l - 6 - 8 + 2 - 8. Let w be r(-9). What is the units digit of 4*(w - ((-89)/2 - -3))?
8
Suppose -3*n + 11 = -4*n. Let q(b) = b**3 + 8*b**2 + 13*b - 2. Let y be q(n). What is the hundreds digit of (-8)/4 - y/4?
1
Suppose -131*i + 153631 = 56*i - 6101332. What is the tens digit of i?
4
Let d(i) = -4*i**2 + 24*i - 21. Let t be d(6). Let v be (6/(-5))/(t/70). Let n(u) = 4*u**3 - 3*u**2 - 2*u + 14. What is the tens digit of n(v)?
1
Let w(v) = 842*v**2 + 9*v + 52. What is the units digit of w(5)?
7
Suppose 53*v = 792154 - 173485. What is the tens digit of v?
7
Suppose 4*b - 10877 = -x, -236*x - 54410 = -241*x + 5*b. What is the hundreds digit of x?
8
Let s = -4075 - -10471. What is the thousands digit of s?
6
Let b(l) = l**3 + 12*l**2 + 18*l + 16. Let n be b(-10). Let u be (((-896)/(-24))/(-7))/((-2)/n). Let p = 71 + u. What is the units digit of p?
7
Let i = -25176 + 110490. What is the ten thousands digit of i?
8
What is the hundreds digit of (27/(-6))/(-3) + -5 + (-28409)/(-2)?
2
Suppose -76*s = -79*s - 2*b + 82478, -4*s = 4*b - 109960. What is the thousands digit of s?
7
Let h = 6755 + -4846. What is the hundreds digit of h?
9
Suppose 2*q - 2630 = -3*f - 2*q, -2*q = -4. Suppose -2*p + 4*o = -4*p + f, 422 = p - 3*o. What is the units digit of p?
1
Let s(p) = 6*p + 20. Let q be s(-3). Suppose -3*j - 1071 = -4*m, -2*m - 3*j + 529 = q*j. What is the units digit of m?
7
Let p be (-3 - (-4 + 0))*(-1606 + 0). Let g = p + 2345. What is the tens digit of g?
3
Let c(x) = -2*x**2 - 4*x + 3. Let n be c(-6). Let w = -92 - n. Let z = -17 - w. What is the units digit of z?
0
What is the hundreds digit of -28*(-25)/2800 + 81502/8?
1
Suppose 303652 = 98*s - 211995 + 81017. What is the thousands digit of s?
4
Let g(u) = -98*u - 1365. What is the thousands digit of g(-87)?
7
Suppose 3100 = 18*a - 2750. What is the hundreds digit of a?
3
Let o(y) = -y**3 + 37*y**2 - 259*y - 61. What is the units digit of o(27)?
6
Suppose 0 = -5*y + 5*j + 460, y - 4*j - 97 = 10. Suppose -2*i + y = -23. Suppose -2*f + 6*f = g - 45, -3*g = 4*f - i. What is the units digit of g?
5
Suppose 3*y - 2*s = -0*s + 1054, -2*s = -2*y + 704. Let t = y - 223. What is the hundreds digit of t?
1
Let j(o) = -165*o - 2 - 384*o + 5 - 9*o. What is the tens digit of j(-1)?
6
Let m be (-6)/5 + (-51)/(-255). Let x(f) = -f**3 - 10*f**2 - 9*f - 5. Let y be x(-9). What is the units digit of (y - m) + (80 - 15)?
1
Suppose 15*s - 28*s + 465056 = 19*s. What is the tens digit of s?
3
Let j(k) = -k**3 - k**2 - 2*k - 12. Let l be (12/9 + -2)*21/2. Let h be j(l). Suppose 17*i + h = 21*i. What is the units digit of i?
4
Let j be (-27)/(-18) + (-27)/(-2). Let v = j - 15. Suppose v*q + 24 = q. What is the units digit of q?
4
Suppose -3*j = -8*j + 17080. Let l(a) = a**3 - 28*a**2 + 26*a + 29. Let p be l(27). What is the hundreds digit of p/(-6) + j/24?
1
Let f = -165 - -174. What is the tens digit of (-3)/(-2)*(101 - (4 - f))?
5
Suppose -16 = -0*h + 4*h, r + 2*h = -762. Let m = r + 1299. What is the hundreds digit of m?
5
What is the units digit of (-3 - (-4245)/(-18))/(29/(-348))?
6
Let h(z) = z**2 - 22*z - 515. Let u be h(36). Let v(a) be the second derivative of -17*a**3/6 - 19*a**2 - a. What is the hundreds digit of v(u)?
1
Let m be -1*(189 + 2 - -3). Let g = 243 - m. What is the hundreds digit of g?
4
Suppose -2*s + 217 = -7*s + t, 3*t + 123 = -3*s. Let q = s + 43. Suppose 11*c - 869 - 1166 = q. What is the hundreds digit of c?
1
Let w(j) = -75*j**2 + 3*j - 1. Let n(y) = 38*y**2 - y + 1. Let u(t) = 5*n(t) + 2*w(t). What is the units digit of u(-2)?
1
Let n = -482 - -488. Suppose 0*m = -2*m + 1316. Suppose -x - n*x = -m. What is the units digit of x?
4
Let w(t) = -47 + 14 - 44 - 11*t + 19*t**2. What is the tens digit of w(-5)?
5
Let k(b) = -2*b**3 + 21*b**2 + 28*b - 92. What is the tens digit of k(-5)?
4
Let r(h) = 4*h**2 - 33*h - 528. What is the thousands digit of r(43)?
5
Let d(u) = -107*u + 24. Let g(a) = -2 + 33*a - 6 + 3*a. Let z(o) = -6*d(o) - 17*g(o). What is the tens digit of z(3)?
8
Let g = 6640 + -1784. What is the units digit of g?
6
What is the tens digit of (-29 + -1)*445485/(-425)?
4
Let j(n) = 3*n**2 + n + 3. Let p be j(-1). Suppose p*m + 0*i = -3*i + 3015, -2*m + 4*i + 1206 = 0. What is the hundreds digit of m?
6
Let s be -2 - -1 - (-9 - -8). Suppose d + 20 = 5*l, l - 7*d + 3*d + 15 = s. Suppose 0 = 11*i - l*i - 336. What is the units digit of i?
6
Let h(c) = 74*c**2 - 18*c + 72. Let q be (-67)/(-13) + (-74)/481. What is the hundreds digit of h(q)?
8
Let u be (15 - 0) + (-52)/(-13). Let w(t) = -40 + 21*t + u*t**2 - 9*t**2 - 11*t**2. What is the tens digit of w(17)?
2
Suppose 3*m + 1 - 23 = 2*c, -4*m = -3*c - 31. Suppose -50 - 58 = m*k. What is the un